ns digit of 2306447722?
2
What is the tens digit of 174376425?
2
What is the billions digit of 6005199981?
6
What is the units digit of 147239?
9
What is the tens digit of 27288004?
0
What is the millions digit of 237457148?
7
What is the ten millions digit of 305521967?
0
What is the units digit of 37720603?
3
What is the ten millions digit of 2667562561?
6
What is the ten thousands digit of 69363916?
6
What is the units digit of 152946489?
9
What is the millions digit of 445237480?
5
What is the millions digit of 170253879?
0
What is the units digit of 4659554010?
0
What is the thousands digit of 3112078110?
8
What is the tens digit of 33455304?
0
What is the hundreds digit of 8898918?
9
What is the tens digit of 115720568?
6
What is the millions digit of 85947396?
5
What is the millions digit of 272939130?
2
What is the units digit of 253717858?
8
What is the ten millions digit of 11545256?
1
What is the hundreds digit of 2169283382?
3
What is the millions digit of 1868743155?
8
What is the thousands digit of 996474464?
4
What is the ten millions digit of 1823757120?
2
What is the tens digit of 1424086?
8
What is the units digit of 506455035?
5
What is the tens digit of 2082287594?
9
What is the tens digit of 18452203?
0
What is the thousands digit of 5545734225?
4
What is the units digit of 871607413?
3
What is the ten thousands digit of 47968476?
6
What is the millions digit of 52476971?
2
What is the units digit of 2838185078?
8
What is the ten thousands digit of 819350148?
5
What is the millions digit of 34193401?
4
What is the units digit of 340751339?
9
What is the thousands digit of 196858359?
8
What is the tens digit of 3026446937?
3
What is the units digit of 992129?
9
What is the ten thousands digit of 211155908?
5
What is the thousands digit of 57919345?
9
What is the hundred millions digit of 201941587?
2
What is the millions digit of 902299478?
2
What is the thousands digit of 109293419?
3
What is the units digit of 85173194?
4
What is the thousands digit of 93486982?
6
What is the hundreds digit of 824466954?
9
What is the ten thousands digit of 217505028?
0
What is the thousands digit of 126069678?
9
What is the ten millions digit of 3355511814?
5
What is the units digit of 226080971?
1
What is the units digit of 2072221706?
6
What is the ten millions digit of 88129023?
8
What is the ten millions digit of 79136036?
7
What is the thousands digit of 80973263?
3
What is the units digit of 139007577?
7
What is the thousands digit of 644679930?
9
What is the ten millions digit of 54468418?
5
What is the ten millions digit of 210441225?
1
What is the millions digit of 940924524?
0
What is the units digit of 445389035?
5
What is the ten millions digit of 112143100?
1
What is the hundred thousands digit of 1400793680?
7
What is the thousands digit of 54207866?
7
What is the hundred thousands digit of 1145328326?
3
What is the units digit of 89531897?
7
What is the ten thousands digit of 128411609?
1
What is the ten thousands digit of 342216322?
1
What is the ten millions digit of 1560798308?
6
What is the billions digit of 1069345113?
1
What is the hundreds digit of 49948179?
1
What is the thousands digit of 635768670?
8
What is the hundred thousands digit of 379713078?
7
What is the thousands digit of 4483112256?
2
What is the hundred millions digit of 245429465?
2
What is the tens digit of 2236456828?
2
What is the tens digit of 1056672508?
0
What is the ten millions digit of 438189736?
3
What is the tens digit of 96591790?
9
What is the millions digit of 17417472?
7
What is the ten millions digit of 80480125?
8
What is the hundred thousands digit of 307123132?
1
What is the tens digit of 431557367?
6
What is the thousands digit of 2136720795?
0
What is the ten thousands digit of 3321005889?
0
What is the ten millions digit of 43276200?
4
What is the thousands digit of 147368226?
8
What is the hundred millions digit of 969111098?
9
What is the hundreds digit of 21348450?
4
What is the units digit of 176242255?
5
What is the tens digit of 1467955787?
8
What is the hundred millions digit of 357605623?
3
What is the thousands digit of 1597240839?
0
What is the units digit of 127282728?
8
What is the hundred millions digit of 5027668112?
0
What is the hundred millions digit of 722547163?
7
What is the billions digit of 2038880228?
2
What is the tens digit of 8234950601?
0
What is the thousands digit of 135100371?
0
What is the hundreds digit of 602140705?
7
What is the tens digit of 2670247397?
9
What is the hundreds digit of 13333163?
1
What is the hundreds digit of 3307964525?
5
What is the tens digit of 392272883?
8
What is the billions digit of 2882103565?
2
What is the thousands digit of 322360099?
0
What is the ten thousands digit of 48338319?
3
What is the hundred millions digit of 197190398?
1
What is the billions digit of 2457858501?
2
What is the ten millions digit of 232407967?
3
What is the thousands digit of 15959722?
9
What is the thousands digit of 32932122?
2
What is the ten millions digit of 30760840?
3
What is the millions digit of 1178363453?
8
What is the hundred millions digit of 475440425?
4
What is the hundred thousands digit of 47077075?
0
What is the ten millions digit of 1077408595?
7
What is the tens digit of 100515477?
7
What is the hundred thousands digit of 189703323?
7
What is the thousands digit of 135935188?
5
What is the millions digit of 5188435937?
8
What is the hundred thousands digit of 104381654?
3
What is the hundreds digit of 74693886?
8
What is the hundred thousands digit of 34327659?
3
What is the hundreds digit of 199392276?
2
What is the millions digit of 10724542?
0
What is the thousands digit of 615403130?
3
What is the hundred thousands digit of 80159147?
1
What is the millions digit of 55257182?
5
What is the units digit of 969734180?
0
What is the ten millions digit of 383981676?
8
What is the hundreds digit of 2667764124?
1
What is the hundred millions digit of 691125720?
6
What is the millions digit of 8254179?
8
What is the ten millions digit of 3685719339?
8
What is the units digit of 1826063711?
1
What is the ten thousands digit of 1028126458?
2
What is the tens digit of 2608000919?
1
What is the hundred thousands digit of 3599551399?
5
What is the units digit of 21019379?
9
What is the ten millions digit of 112102476?
1
What is the ten millions digit of 117357633?
1
What is the billions digit of 2055352217?
2
What is the ten millions digit of 13515659?
1
What is the units digit of 307096708?
8
What is the hundreds digit of 916911704?
7
What is the hundreds digit of 1478036505?
5
What is the tens digit of 34389326?
2
What is the ten thousands digit of 713478064?
7
What is the ten thousands digit of 836711764?
1
What is the tens digit of 140372896?
9
What is the ten thousands digit of 3933870896?
7
What is the hundred thousands digit of 42685185?
6
What is the millions digit of 687343720?
7
What is the hundred millions digit of 387979755?
3
What is the ten millions digit of 102140092?
0
What is the hundreds digit of 84590279?
2
What is the tens digit of 218371766?
6
What is the ten thousands digit of 473445362?
4
What is the hundred thousands digit of 77552753?
5
What is the hundreds digit of 1103598307?
3
What is the tens digit of 5086633608?
0
What is the ten thousands digit of 649683495?
8
What is the ten thousands digit of 1061407168?
0
What is the hundred thousands digit of 47724670?
7
What is the thousands digit of 141875726?
5
What is the thousands digit of 620476388?
6
What is the ten thousands digit of 3213305572?
0
What is the ten thousands digit of 1210367761?
6
What is the units digit of 3257276833?
3
What is the tens digit of 1434357069?
6
What is the hundreds digit of 50084377?
3
What is the hundred millions digit of 1114132640?
1
What is the units digit of 42357259?
9
What is the hundred thousands digit of 1670126055?
1
What is the ten millions digit of 2033704491?
3
What is the hundred millions digit of 540084198?
5
What is the hundred millions digit of 334932760?
3
What is the ten thousands digit of 2177743906?
4
What is the hundreds digit of 5905819871?
8
What is the thousands digit of 45014025?
4
What is the millions digit of 341518684?
1
What is the ten mill